+ 3*g - 10672 = -49108. Suppose -5*m = -r + 2558, 5*r - 3*m - j = -m. Is r composite?
True
Is 328270 + (2/8)/(4*9/144) a composite number?
False
Suppose -1543*f - 54022 = -1544*f. Is f a prime number?
False
Let l be 4/((-16)/4) - (-20)/1. Suppose -13*t + l*t = 8418. Is t a composite number?
True
Let u be (-148)/10*(-3)/((-3)/(-275)). Suppose 7*b - u = 2*b. Suppose -1615 = -f + b. Is f composite?
True
Let c(y) = 84*y**2 - 8*y - 11. Let o be c(-9). Let n = -14532 + o. Let a = -4278 - n. Is a a prime number?
True
Suppose 0*p - 7*p = -343. Let o = p + -39. Is 7514/o - 6/15 a composite number?
False
Let r be (-12)/15*5/(-2). Suppose b = -r*v + 5587, -6*v + 2*v = -4*b + 22336. Is b composite?
True
Let m be -3*-43*3/9. Suppose -m*a + 1077 = -42*a. Suppose 0 = 4*f - f - a. Is f a composite number?
False
Is (3 - 0)*1177175/75 prime?
True
Let r(i) = i**3 - 37*i**2 - 34*i + 20. Let u be r(38). Suppose 986 = 4*z - 3*c + 343, -z + 3*c = -u. Is z a composite number?
False
Let g = 164 - 283. Let z = g - -122. Suppose -z*o + 3336 = -2247. Is o composite?
False
Let c be (-9)/(-6)*-2*(-1 + 0). Suppose 7*x - 2*x + 16 = -c*u, 5*u + 18 = -4*x. Is (40575/10)/(-5)*x a prime number?
False
Let t = -41 + 69. Suppose -t*d + 30*d + 2 = 0. Is ((955/(-1))/d)/((-23)/(-23)) a prime number?
False
Suppose 0*o + 2*o + 5*u + 37 = 0, 2*o - 3*u - 3 = 0. Let i = 77 - o. Suppose 14 = c - i. Is c a composite number?
False
Suppose 5*k + 7*k = -828178 + 6795406. Is k prime?
True
Suppose 4*w = -4*b + 2270408, 692*b = 694*b - 3*w - 1135199. Is b a composite number?
False
Let w = 48370 - 19476. Is w a prime number?
False
Let r(p) be the first derivative of 289*p**4/4 - p**3 - 3*p**2/2 + 20*p + 39. Is r(3) composite?
True
Suppose -d = -0*d + 4*n - 7719, -d + 5*n = -7755. Suppose 0 = -6*l + l + d. Suppose 4*g + 12 = 0, -s - l = -6*s + 4*g. Is s a prime number?
True
Suppose 0 = -191*x + 194*x + 3*c - 888603, 2*c = 3*x - 888613. Is x a prime number?
False
Suppose -203*b + 38639778 + 20271088 = -42*b. Is b a composite number?
True
Is (5 - 98217/(-6))/((-9)/(-54)*3) a composite number?
False
Suppose 4*o - 12 = 0, -4*n - 10637 = 5*o - 34464. Is n a prime number?
True
Let z = -6 + 19. Suppose z*w - 20*w + 3157 = 0. Suppose 668 = 3*h - w. Is h prime?
True
Let u = 76 + 250. Let c = 2275 - u. Is c a prime number?
True
Suppose -38*o - 916556 = 32*o - 14497326. Is o a prime number?
False
Let a(v) = 3*v**2 + 19*v - 1327. Let t be a(-37). Let o = 829 + -1647. Let q = t + o. Is q composite?
False
Let h(t) be the second derivative of 74*t**3/3 + 9*t**2/2 + 38*t. Is h(1) prime?
True
Let r(o) = o**2 - 4*o - 9. Let w be r(-2). Suppose w*a + 26 = -3*d + 7*a, -3*a = -5*d - 36. Is (7 + -4)*(-262)/d composite?
False
Let x be ((-5)/15)/(3/(-146106)). Let i = x - 9671. Is i a prime number?
True
Suppose 4*a + 0*a = 3541 + 215047. Is a a composite number?
False
Let w(j) = j**3 - 18*j**2 + 72*j + 135. Is w(38) composite?
False
Suppose 7*s + 12 = -2. Let k = 1 - s. Is (k + 374/(-4))*(-20 + -2) a composite number?
True
Suppose -771*v + 743*v - 135078 = -407546. Is v a composite number?
True
Suppose -42 = -21*o + 7*o. Suppose -382 = 4*k + 5*v, -k + 25 - 112 = -o*v. Let q = 216 + k. Is q a composite number?
True
Let b(a) = 2*a**3 + 3*a**2 + 41*a + 32. Let y be b(11). Is ((-1035)/90)/((-2)/y) prime?
False
Suppose 0 = 7*q - 4*q - 12. Let o = 1614 - 1609. Suppose o*w - 3*n = 1599, q*w - 136 = -4*n + 1156. Is w a composite number?
True
Is (94218/8)/(7 + (-50)/8) a composite number?
True
Is -10 - 1/2*(-1548597 + 11) composite?
False
Let q(z) = 156*z + 19. Suppose -59 + 44 = 3*k. Let j(x) = 156*x + 19. Let t(y) = k*j(y) + 4*q(y). Is t(-7) composite?
True
Let p(r) = -6*r**3 - 110*r**2 - 75*r - 1090. Is p(-49) a prime number?
False
Suppose z + 5*x = -5230, -4*x = 3*z + 794 + 14929. Let a = 114 - z. Is a composite?
True
Let u(z) = 30*z**3 - z**2 + 14*z - 57. Let f be u(6). Suppose -15*l = 366 - f. Is l composite?
True
Suppose 119*o - 120*o + 5063 = 0. Is o a composite number?
True
Let a = -4616 - -12993. Let s = 14454 - a. Is s a prime number?
False
Suppose m - 157499 = w + 16391, 2*m = 4*w + 347778. Is m a prime number?
True
Let u(c) = c**3 + 6*c**2 + 6*c + 8. Let l be u(-5). Suppose -g + l = -0*g. Suppose 10*p - 5*p - 4443 = -2*n, 2*n - 2669 = -g*p. Is p a composite number?
False
Let z(i) = -i**2 + 12*i - 15. Let v be z(10). Let g(q) = -3*q + 21. Let c be g(6). Suppose n - 5*n + c*k = -1184, 0 = v*n - 3*k - 1483. Is n composite?
True
Let f(d) = 9*d**2 + 30*d + 6. Let s be f(-4). Suppose -32*q + s*q = -2654. Is q a composite number?
False
Let m(g) = 9*g + 3 - 15*g**2 + 53*g**2 - 28*g**2 + g**3. Let s be m(-9). Suppose -6 = 2*j, -7983 = -3*i + 7*j - s*j. Is i a prime number?
True
Is (24/(-32)*-1)/(-1 + 284942/284936) a composite number?
False
Let q(a) = 356*a**2 - 34*a - 83. Is q(-22) prime?
True
Let c(n) = -n**3 + n**2 - 2*n + 1. Let l be c(4). Let t be (88 - 4)/(-3) - 5. Let w = t - l. Is w composite?
True
Let h(g) = -77*g - 5. Suppose -11*p + 132 = -5*p. Let d be 6/33 + (-48)/p. Is h(d) composite?
False
Suppose 5*t + 5*j + 23 = -12, 3*j = -2*t - 19. Let l be (-105)/(-20) - t/(-8). Suppose 154 = 2*a - 5*b, -l*a - 32 + 417 = 3*b. Is a a prime number?
False
Let o(k) = 91*k**3 + k**2 + 2*k - 19. Let q be o(5). Suppose 7*r - 37840 = q. Is r composite?
True
Let t(z) = 44*z**2 + 167*z + 598. Is t(-35) composite?
True
Suppose i = 4*n + 131013, -153*n + 261974 = 2*i - 148*n. Is i a prime number?
False
Suppose -250*a = -244*a - 8022. Suppose 119*y + a = 126*y. Is y a prime number?
True
Let z(p) = -7*p**3 + 8*p**2 - 49*p + 137. Is z(-20) a prime number?
True
Let g(q) be the first derivative of 4*q**3/3 + q**2 + 6*q - 17. Let m be g(-2). Is 3687/m + 1/6 prime?
False
Let q = 7793 + 13738. Let a = q - -13480. Is a a composite number?
True
Let c(a) be the second derivative of -a**4/12 - a**3/6 - 5*a**2 - 6*a. Let d be c(5). Let x = 101 - d. Is x a prime number?
False
Let a = -97202 + 275253. Is a a composite number?
True
Suppose 0*m + 24 = -8*m. Is m + (-119)/(-35) + (-6573)/(-5) a prime number?
False
Let a be (-25)/(2/6*-3). Let c be 1/5 + (-1)/(a/7955). Let u = c - -1877. Is u a prime number?
True
Let z = 1 + 4. Let f(a) be the second derivative of 53*a**3/6 + 13*a**2/2 - 9*a. Is f(z) a prime number?
False
Suppose -1981*u = -1977*u - 6907136. Suppose -27*d = -u + 280961. Is d composite?
False
Is 79535/(5/(-5))*1/(-5) a prime number?
True
Let f be ((-16)/20)/((-14)/245). Suppose 3*w + 2241 = 5*r, 17*r - f*r - w = 1343. Is r prime?
False
Let s be 20/80 + (-5)/8*194. Let l = 5102 + s. Is l composite?
True
Let x = 290509 - -75160. Is x composite?
False
Let x(y) = 326*y**2 + 17*y + 6. Let t(j) = -652*j**2 - 32*j - 11. Let z(g) = -6*t(g) - 11*x(g). Is z(3) a composite number?
True
Suppose -5*z - 2*y + 34 = -3*y, -5*y - 50 = -5*z. Is (-5 + 4)/(z/(-3534)) a composite number?
True
Let w = 9 + -4. Suppose 12*s + 1883 - 15527 = 0. Suppose w*k - s = -3*z, 4*z + 0*k - 2*k = 1516. Is z prime?
True
Let l(g) = 2*g**2 + 82*g + 85. Let k be l(-40). Let d(u) = 79*u**3 + 9*u**2 - 19*u + 2. Is d(k) a composite number?
False
Suppose 0 = 2*w + 2*v - 119486, w - 15735 = 3*v + 44008. Is w prime?
True
Let d = 56 - 13. Suppose d*b - 38*b = 34275. Suppose 5*s - b = -0*s. Is s a composite number?
True
Let t(q) = 20*q - 57. Let h(n) = 39*n - 114. Let c(l) = 6*h(l) - 11*t(l). Let d be c(23). Suppose r - d = 2*m, r + 1072 = 5*r - 2*m. Is r a prime number?
True
Let p = 1658406 + -92975. Is p prime?
False
Let k(y) = 11*y**3 - 2*y**2 + 3*y + 3. Let c be k(-2). Let o = c - 494. Let l = -186 - o. Is l prime?
False
Let j(z) = 2114*z**2 + 12*z + 32. Suppose 6*d + 13 = 2*d - u, 3*u - 3 = 2*d. Is j(d) a composite number?
True
Let v(j) = -22*j - 2. Let i be v(1). Let t = i + 26. Suppose -4*k - 1702 = -t*g, -5*g = -g + 4*k - 3356. Is g prime?
False
Let k be ((-2)/4*1)/((-13)/962). Suppose k + 576 = -2*c + l, 0 = 2*c - 3*l + 607. Let y = 559 + c. Is y a composite number?
False
Let a(p) = 13*p + 11. Let z be a(7). Let c = z + -35. Suppose c + 1940 = 3*d. Is d composite?
True
Suppose -f = -3*g + 668010, 0 = -3*g + 13*f - 10*f + 668004. Is g a composite number?
True
Suppose -13*k + 40*k + 37*k = 2720576. Is k a prime number?
True
Let v(n) = n**3 - n**2 - 2*n. Let k(u) = -3*u - 44.